{"id":222,"date":"2015-02-25T01:30:22","date_gmt":"2015-02-25T07:30:22","guid":{"rendered":"http:\/\/ase.unam.mx\/?page_id=222"},"modified":"2015-02-25T01:30:22","modified_gmt":"2015-02-25T07:30:22","slug":"modelo-metodologico-2","status":"publish","type":"page","link":"https:\/\/ase.unam.mx\/?page_id=222","title":{"rendered":"Modelo Metodol\u00f3gico"},"content":{"rendered":"<p>Proponemos un modelo para el estudio y autoevaluaci\u00f3n que busca reconocer y valorar la acci\u00f3n social efectiva de la sociedad civil organizada inmersa en la complejidad de una sociedad de organizaciones as\u00ed como potenciar la capacidad de acci\u00f3n con base en su conocimiento.<\/p>\n<p>El modelo consiste en identificar y sistematizar la acci\u00f3n social que vinculan a la poblaci\u00f3n en situaci\u00f3n de exclusi\u00f3n, las instituciones y a la sociedad civil organizada, por ello nuestros ejes de an\u00e1lisis son: <span style=\"text-decoration: underline;\">ASE<\/span>, acci\u00f3n social efectiva; <span style=\"text-decoration: underline;\">Grupos en situaci\u00f3n de exclusi\u00f3n<\/span>; <span style=\"text-decoration: underline;\">IDI<\/span>, innovaci\u00f3n democr\u00e1tica Institucional y <span style=\"text-decoration: underline;\">DOA<\/span>, desarrollo organizacional y asociativo.<\/p>\n<p>La operaci\u00f3n del modelo consiste en una <span style=\"text-decoration: underline;\">plataforma de tecnolog\u00eda social<\/span> para el an\u00e1lisis automatizado de la informaci\u00f3n y para la <span style=\"text-decoration: underline;\">interacci\u00f3n colectiva<\/span> durante el proceso de soluci\u00f3n de problemas durante el trabajo colaborativo entre la sociedad civil organizada, acad\u00e9micos, gobierno, empresas y especialistas en plataformas tecnol\u00f3gicas.<\/p>\n","protected":false},"excerpt":{"rendered":"<p>Proponemos un modelo para el estudio y autoevaluaci\u00f3n que busca reconocer y valorar la acci\u00f3n social efectiva de la sociedad civil organizada inmersa en la complejidad de una sociedad de organizaciones as\u00ed como potenciar la capacidad de acci\u00f3n con base en su conocimiento. El modelo consiste en identificar y sistematizar la acci\u00f3n social que vinculan [&hellip;]<\/p>\n","protected":false},"author":3,"featured_media":0,"parent":0,"menu_order":0,"comment_status":"closed","ping_status":"open","template":"","meta":{"footnotes":""},"class_list":["post-222","page","type-page","status-publish","hentry"],"_links":{"self":[{"href":"https:\/\/ase.unam.mx\/index.php?rest_route=\/wp\/v2\/pages\/222","targetHints":{"allow":["GET"]}}],"collection":[{"href":"https:\/\/ase.unam.mx\/index.php?rest_route=\/wp\/v2\/pages"}],"about":[{"href":"https:\/\/ase.unam.mx\/index.php?rest_route=\/wp\/v2\/types\/page"}],"author":[{"embeddable":true,"href":"https:\/\/ase.unam.mx\/index.php?rest_route=\/wp\/v2\/users\/3"}],"replies":[{"embeddable":true,"href":"https:\/\/ase.unam.mx\/index.php?rest_route=%2Fwp%2Fv2%2Fcomments&post=222"}],"version-history":[{"count":1,"href":"https:\/\/ase.unam.mx\/index.php?rest_route=\/wp\/v2\/pages\/222\/revisions"}],"predecessor-version":[{"id":223,"href":"https:\/\/ase.unam.mx\/index.php?rest_route=\/wp\/v2\/pages\/222\/revisions\/223"}],"wp:attachment":[{"href":"https:\/\/ase.unam.mx\/index.php?rest_route=%2Fwp%2Fv2%2Fmedia&parent=222"}],"curies":[{"name":"wp","href":"https:\/\/api.w.org\/{rel}","templated":true}]}}